{"id":1481,"date":"2023-12-15T15:03:08","date_gmt":"2023-12-15T14:03:08","guid":{"rendered":"https:\/\/www.hotel-il-gabbiano.com\/?page_id=1481"},"modified":"2026-02-19T16:11:15","modified_gmt":"2026-02-19T15:11:15","slug":"chi-siamo","status":"publish","type":"page","link":"https:\/\/www.hotel-il-gabbiano.com\/?page_id=1481","title":{"rendered":"Chi siamo"},"content":{"rendered":"\t\t<div data-elementor-type=\"wp-page\" data-elementor-id=\"1481\" class=\"elementor elementor-1481\" data-elementor-post-type=\"page\">\n\t\t\t\t\t\t<section class=\"elementor-section elementor-top-section elementor-element elementor-element-6f746a9 elementor-section-full_width elementor-section-height-default elementor-section-height-default\" data-id=\"6f746a9\" data-element_type=\"section\">\n\t\t\t\t\t\t<div class=\"elementor-container elementor-column-gap-default\">\n\t\t\t\t\t<div class=\"aux-parallax-section elementor-column elementor-col-100 elementor-top-column elementor-element elementor-element-6082e4c1\" data-id=\"6082e4c1\" data-element_type=\"column\">\n\t\t\t<div class=\"elementor-widget-wrap elementor-element-populated\">\n\t\t\t\t\t\t<div class=\"elementor-element elementor-element-9693905 elementor-widget elementor-widget-spacer\" data-id=\"9693905\" data-element_type=\"widget\" data-widget_type=\"spacer.default\">\n\t\t\t\t<div class=\"elementor-widget-container\">\n\t\t\t\t\t\t\t<div class=\"elementor-spacer\">\n\t\t\t<div class=\"elementor-spacer-inner\"><\/div>\n\t\t<\/div>\n\t\t\t\t\t\t<\/div>\n\t\t\t\t<\/div>\n\t\t\t\t<div class=\"elementor-element elementor-element-9d74dde elementor-widget elementor-widget-aux_modern_heading\" data-id=\"9d74dde\" data-element_type=\"widget\" data-widget_type=\"aux_modern_heading.default\">\n\t\t\t\t<div class=\"elementor-widget-container\">\n\t\t\t\t\t<section class=\"aux-widget-modern-heading\">\n            <div class=\"aux-widget-inner\"><h2 class=\"aux-modern-heading-primary\">Benvenuti all'Hotel Ristorante il Gabbiano\n<\/h2><h3 class=\"aux-modern-heading-secondary\"><span class=\"aux-head-before\">Lago Trasimeno <\/span><\/h3><div class=\"aux-modern-heading-divider\"><\/div><\/div>\n        <\/section>\t\t\t\t<\/div>\n\t\t\t\t<\/div>\n\t\t\t\t<div class=\"elementor-element elementor-element-267c687 elementor-widget elementor-widget-image\" data-id=\"267c687\" data-element_type=\"widget\" data-widget_type=\"image.default\">\n\t\t\t\t<div class=\"elementor-widget-container\">\n\t\t\t\t\t\t\t\t\t\t\t\t\t\t\t<img fetchpriority=\"high\" decoding=\"async\" width=\"1400\" height=\"707\" src=\"https:\/\/www.hotel-il-gabbiano.com\/wp-content\/uploads\/2023\/12\/294668400_466947275440051_3062600612904323215_n.jpg\" class=\"attachment-full size-full wp-image-1495\" alt=\"\" srcset=\"https:\/\/www.hotel-il-gabbiano.com\/wp-content\/uploads\/2023\/12\/294668400_466947275440051_3062600612904323215_n.jpg 1400w, https:\/\/www.hotel-il-gabbiano.com\/wp-content\/uploads\/2023\/12\/294668400_466947275440051_3062600612904323215_n-200x101.jpg 200w\" sizes=\"(max-width: 1400px) 100vw, 1400px\" \/>\t\t\t\t\t\t\t\t\t\t\t\t\t\t\t<\/div>\n\t\t\t\t<\/div>\n\t\t\t\t<div class=\"elementor-element elementor-element-788b157b elementor-widget elementor-widget-aux_modern_heading\" data-id=\"788b157b\" data-element_type=\"widget\" data-widget_type=\"aux_modern_heading.default\">\n\t\t\t\t<div class=\"elementor-widget-container\">\n\t\t\t\t\t<section class=\"aux-widget-modern-heading\">\n            <div class=\"aux-widget-inner\"><h2 class=\"aux-modern-heading-primary\"><\/h2><div class=\"aux-modern-heading-description\"><div class=\"flex-shrink-0 flex flex-col relative items-end\"><div><div class=\"pt-0\"><div class=\"gizmo-bot-avatar flex h-8 w-8 items-center justify-center overflow-hidden rounded-full\"><div class=\"relative p-1 rounded-sm flex items-center justify-center bg-token-main-surface-primary text-token-text-primary h-8 w-8\"><strong>Soggiorna presso Hotel Ristorante Il Gabbiano<\/strong><\/div><div>\u00a0<\/div><\/div><\/div><\/div><\/div><div class=\"group\/conversation-turn relative flex w-full min-w-0 flex-col agent-turn\"><div class=\"flex-col gap-1 md:gap-3\"><div class=\"flex max-w-full flex-col flex-grow\"><div class=\"min-h-8 text-message flex w-full flex-col items-end gap-2 whitespace-normal break-words [.text-message+&amp;]:mt-5\" dir=\"auto\" data-message-author-role=\"assistant\" data-message-id=\"ca1d6777-954b-41b8-9fcf-ea503237d544\" data-message-model-slug=\"gpt-4o-mini\"><div class=\"flex w-full flex-col gap-1 empty:hidden first:pt-[3px]\"><div class=\"markdown prose w-full break-words dark:prose-invert light\"><p>Benvenuti nel nostro hotel, dove la tradizione di famiglia incontra l'ospitalit\u00e0 autentica. Da generazioni, la nostra famiglia si dedica a creare un'atmosfera accogliente e calorosa, dove ogni ospite \u00e8 trattato come uno di casa. Ogni angolo del nostro hotel racconta una storia, un ricordo, un sorriso; ogni dettaglio \u00e8 curato con passione e dedizione, riflettendo l'amore per il nostro lavoro e il rispetto per le radici che ci uniscono. Venite a scoprire il calore della nostra tradizione familiare e lasciatevi coccolare da un'esperienza unica, in un luogo dove il tempo sembra essersi fermato, ma il comfort e la modernit\u00e0 sono sempre a portata di mano.<\/p><p>Situato in una posizione strategica tra l<strong>'Umbria e la Toscana<\/strong>, alle porte del<strong> Lago Trasimeno<\/strong>; la nostra struttura \u00e8 facilmente raggiungibile e ti offre tutto il necessario per un soggiorno confortevole e rilassante.<\/p><p>Il nostro ristorante offre <strong>piatti fatti in casa<\/strong>, preparati con ingredienti freschi e locali, a <strong>km 0<\/strong>, che rendono ogni pasto un'esperienza unica.<\/p><p>La struttura \u00e8 dotata di camere confortevoli, appartamenti spaziosi e numerosi servizi pensati per il tuo<strong> relax<\/strong> e il tuo benessere: un ristorantino con pizzeria e forno a legna, una piccola palestra (in questo preciso momento \u00e8 in fase di ampliamento e ristrutturazione quindi non possiamo garantire che i lavori saranno terminati in tempo per il vostro soggiorno), due campi da padel per gli appassionati di sport, un parcheggio gratuito, un deposito biciclette per gli amanti delle escursioni, e durante la bella stagione, una piscina attrezzata con ombrelloni e lettini per goderti il sole e il panorama.<\/p><\/div><\/div><\/div><\/div><\/div><\/div><\/div><\/div>\n        <\/section>\t\t\t\t<\/div>\n\t\t\t\t<\/div>\n\t\t\t\t<div class=\"elementor-element elementor-element-2a153f4 elementor-widget elementor-widget-image\" data-id=\"2a153f4\" data-element_type=\"widget\" data-widget_type=\"image.default\">\n\t\t\t\t<div class=\"elementor-widget-container\">\n\t\t\t\t\t\t\t\t\t\t\t\t\t\t\t<img decoding=\"async\" width=\"1024\" height=\"1024\" src=\"https:\/\/www.hotel-il-gabbiano.com\/wp-content\/uploads\/2025\/09\/PGH59732-1024x1024.jpg\" class=\"attachment-large size-large wp-image-4846\" alt=\"\" srcset=\"https:\/\/www.hotel-il-gabbiano.com\/wp-content\/uploads\/2025\/09\/PGH59732-1024x1024.jpg 1024w, https:\/\/www.hotel-il-gabbiano.com\/wp-content\/uploads\/2025\/09\/PGH59732-300x300.jpg 300w, https:\/\/www.hotel-il-gabbiano.com\/wp-content\/uploads\/2025\/09\/PGH59732-150x150.jpg 150w, https:\/\/www.hotel-il-gabbiano.com\/wp-content\/uploads\/2025\/09\/PGH59732-768x768.jpg 768w\" sizes=\"(max-width: 1024px) 100vw, 1024px\" \/>\t\t\t\t\t\t\t\t\t\t\t\t\t\t\t<\/div>\n\t\t\t\t<\/div>\n\t\t\t\t<div class=\"elementor-element elementor-element-5fd1f11 elementor-widget elementor-widget-spacer\" data-id=\"5fd1f11\" data-element_type=\"widget\" data-widget_type=\"spacer.default\">\n\t\t\t\t<div class=\"elementor-widget-container\">\n\t\t\t\t\t\t\t<div class=\"elementor-spacer\">\n\t\t\t<div class=\"elementor-spacer-inner\"><\/div>\n\t\t<\/div>\n\t\t\t\t\t\t<\/div>\n\t\t\t\t<\/div>\n\t\t\t\t<div class=\"elementor-element elementor-element-0c9bb96 elementor-widget elementor-widget-image\" data-id=\"0c9bb96\" data-element_type=\"widget\" data-widget_type=\"image.default\">\n\t\t\t\t<div class=\"elementor-widget-container\">\n\t\t\t\t\t\t\t\t\t\t\t\t\t\t\t<img decoding=\"async\" width=\"1024\" height=\"1024\" src=\"https:\/\/www.hotel-il-gabbiano.com\/wp-content\/uploads\/2024\/12\/IMG-20241214-WA0008-1024x1024.jpg\" class=\"attachment-large size-large wp-image-3098\" alt=\"\" srcset=\"https:\/\/www.hotel-il-gabbiano.com\/wp-content\/uploads\/2024\/12\/IMG-20241214-WA0008-1024x1024.jpg 1024w, https:\/\/www.hotel-il-gabbiano.com\/wp-content\/uploads\/2024\/12\/IMG-20241214-WA0008-300x300.jpg 300w, https:\/\/www.hotel-il-gabbiano.com\/wp-content\/uploads\/2024\/12\/IMG-20241214-WA0008-150x150.jpg 150w, https:\/\/www.hotel-il-gabbiano.com\/wp-content\/uploads\/2024\/12\/IMG-20241214-WA0008-768x768.jpg 768w\" sizes=\"(max-width: 1024px) 100vw, 1024px\" \/>\t\t\t\t\t\t\t\t\t\t\t\t\t\t\t<\/div>\n\t\t\t\t<\/div>\n\t\t\t\t<div class=\"elementor-element elementor-element-27a1ddac elementor-widget elementor-widget-aux_image\" data-id=\"27a1ddac\" data-element_type=\"widget\" data-widget_type=\"aux_image.default\">\n\t\t\t\t<div class=\"elementor-widget-container\">\n\t\t\t\t\t<section class=\"widget-container aux-widget-image aux-alignnone aux-parent-au1046981c\">\n    <div class=\"aux-media-hint-frame \">\n        <div class=\"aux-media-image \" >\n        \n            \n\n            \n                        \n                <\/div>\n    <\/div>\n\n<\/section><!-- widget-container -->\t\t\t\t<\/div>\n\t\t\t\t<\/div>\n\t\t\t\t<div class=\"elementor-element elementor-element-ca7430f elementor-widget elementor-widget-image\" data-id=\"ca7430f\" data-element_type=\"widget\" data-widget_type=\"image.default\">\n\t\t\t\t<div class=\"elementor-widget-container\">\n\t\t\t\t\t\t\t\t\t\t\t\t\t\t\t<img loading=\"lazy\" decoding=\"async\" width=\"2560\" height=\"1714\" src=\"https:\/\/www.hotel-il-gabbiano.com\/wp-content\/uploads\/2019\/10\/13-TUORO_0920-scaled.jpg\" class=\"attachment-full size-full wp-image-2423\" alt=\"\" srcset=\"https:\/\/www.hotel-il-gabbiano.com\/wp-content\/uploads\/2019\/10\/13-TUORO_0920-scaled.jpg 2560w, https:\/\/www.hotel-il-gabbiano.com\/wp-content\/uploads\/2019\/10\/13-TUORO_0920-1536x1028.jpg 1536w, https:\/\/www.hotel-il-gabbiano.com\/wp-content\/uploads\/2019\/10\/13-TUORO_0920-2048x1371.jpg 2048w\" sizes=\"(max-width: 2560px) 100vw, 2560px\" \/>\t\t\t\t\t\t\t\t\t\t\t\t\t\t\t<\/div>\n\t\t\t\t<\/div>\n\t\t\t\t\t<\/div>\n\t\t<\/div>\n\t\t\t\t\t<\/div>\n\t\t<\/section>\n\t\t\t\t<section class=\"elementor-section elementor-top-section elementor-element elementor-element-7791d5d elementor-section-boxed elementor-section-height-default elementor-section-height-default\" data-id=\"7791d5d\" data-element_type=\"section\">\n\t\t\t\t\t\t<div class=\"elementor-container elementor-column-gap-default\">\n\t\t\t\t\t<div class=\"aux-parallax-section elementor-column elementor-col-50 elementor-top-column elementor-element elementor-element-238a5cf\" data-id=\"238a5cf\" data-element_type=\"column\">\n\t\t\t<div class=\"elementor-widget-wrap\">\n\t\t\t\t\t\t\t<\/div>\n\t\t<\/div>\n\t\t\t\t<div class=\"aux-parallax-section elementor-column elementor-col-50 elementor-top-column elementor-element elementor-element-06a999d\" data-id=\"06a999d\" data-element_type=\"column\">\n\t\t\t<div class=\"elementor-widget-wrap\">\n\t\t\t\t\t\t\t<\/div>\n\t\t<\/div>\n\t\t\t\t\t<\/div>\n\t\t<\/section>\n\t\t\t\t<\/div>\n\t\t","protected":false},"excerpt":{"rendered":"<p>Benvenuti all&#8217;Hotel Ristorante il Gabbiano Lago Trasimeno Soggiorna presso Hotel Ristorante Il Gabbiano\u00a0 Benvenuti nel nostro hotel, dove la tradizione di famiglia incontra l&#8217;ospitalit\u00e0 autentica. Da generazioni, la nostra famiglia si dedica a creare un&#8217;atmosfera accogliente e calorosa, dove ogni ospite \u00e8 trattato come uno di casa. Ogni angolo del nostro hotel racconta una storia, [&hellip;]<\/p>\n","protected":false},"author":1,"featured_media":0,"parent":0,"menu_order":0,"comment_status":"closed","ping_status":"closed","template":"","meta":{"footnotes":""},"class_list":["post-1481","page","type-page","status-publish","hentry"],"yoast_head":"<!-- This site is optimized with the Yoast SEO plugin v26.4 - https:\/\/yoast.com\/wordpress\/plugins\/seo\/ -->\n<title>Chi siamo - Il Gabbiano<\/title>\n<meta name=\"robots\" content=\"index, follow, max-snippet:-1, max-image-preview:large, max-video-preview:-1\" \/>\n<link rel=\"canonical\" href=\"https:\/\/www.hotel-il-gabbiano.com\/?page_id=1481\" \/>\n<meta property=\"og:locale\" content=\"it_IT\" \/>\n<meta property=\"og:type\" content=\"article\" \/>\n<meta property=\"og:title\" content=\"Chi siamo - Il Gabbiano\" \/>\n<meta property=\"og:description\" content=\"Benvenuti all&#8217;Hotel Ristorante il Gabbiano Lago Trasimeno Soggiorna presso Hotel Ristorante Il Gabbiano\u00a0 Benvenuti nel nostro hotel, dove la tradizione di famiglia incontra l&#8217;ospitalit\u00e0 autentica. Da generazioni, la nostra famiglia si dedica a creare un&#8217;atmosfera accogliente e calorosa, dove ogni ospite \u00e8 trattato come uno di casa. Ogni angolo del nostro hotel racconta una storia, [&hellip;]\" \/>\n<meta property=\"og:url\" content=\"https:\/\/www.hotel-il-gabbiano.com\/?page_id=1481\" \/>\n<meta property=\"og:site_name\" content=\"Il Gabbiano\" \/>\n<meta property=\"article:modified_time\" content=\"2026-02-19T15:11:15+00:00\" \/>\n<meta property=\"og:image\" content=\"https:\/\/www.hotel-il-gabbiano.com\/wp-content\/uploads\/2023\/12\/294668400_466947275440051_3062600612904323215_n.jpg\" \/>\n\t<meta property=\"og:image:width\" content=\"1400\" \/>\n\t<meta property=\"og:image:height\" content=\"707\" \/>\n\t<meta property=\"og:image:type\" content=\"image\/jpeg\" \/>\n<meta name=\"twitter:card\" content=\"summary_large_image\" \/>\n<script type=\"application\/ld+json\" class=\"yoast-schema-graph\">{\"@context\":\"https:\/\/schema.org\",\"@graph\":[{\"@type\":\"WebPage\",\"@id\":\"https:\/\/www.hotel-il-gabbiano.com\/?page_id=1481\",\"url\":\"https:\/\/www.hotel-il-gabbiano.com\/?page_id=1481\",\"name\":\"Chi siamo - Il Gabbiano\",\"isPartOf\":{\"@id\":\"https:\/\/www.hotel-il-gabbiano.com\/#website\"},\"primaryImageOfPage\":{\"@id\":\"https:\/\/www.hotel-il-gabbiano.com\/?page_id=1481#primaryimage\"},\"image\":{\"@id\":\"https:\/\/www.hotel-il-gabbiano.com\/?page_id=1481#primaryimage\"},\"thumbnailUrl\":\"https:\/\/www.hotel-il-gabbiano.com\/wp-content\/uploads\/2023\/12\/294668400_466947275440051_3062600612904323215_n.jpg\",\"datePublished\":\"2023-12-15T14:03:08+00:00\",\"dateModified\":\"2026-02-19T15:11:15+00:00\",\"breadcrumb\":{\"@id\":\"https:\/\/www.hotel-il-gabbiano.com\/?page_id=1481#breadcrumb\"},\"inLanguage\":\"it-IT\",\"potentialAction\":[{\"@type\":\"ReadAction\",\"target\":[\"https:\/\/www.hotel-il-gabbiano.com\/?page_id=1481\"]}]},{\"@type\":\"ImageObject\",\"inLanguage\":\"it-IT\",\"@id\":\"https:\/\/www.hotel-il-gabbiano.com\/?page_id=1481#primaryimage\",\"url\":\"https:\/\/www.hotel-il-gabbiano.com\/wp-content\/uploads\/2023\/12\/294668400_466947275440051_3062600612904323215_n.jpg\",\"contentUrl\":\"https:\/\/www.hotel-il-gabbiano.com\/wp-content\/uploads\/2023\/12\/294668400_466947275440051_3062600612904323215_n.jpg\",\"width\":1400,\"height\":707},{\"@type\":\"BreadcrumbList\",\"@id\":\"https:\/\/www.hotel-il-gabbiano.com\/?page_id=1481#breadcrumb\",\"itemListElement\":[{\"@type\":\"ListItem\",\"position\":1,\"name\":\"Home\",\"item\":\"https:\/\/www.hotel-il-gabbiano.com\/\"},{\"@type\":\"ListItem\",\"position\":2,\"name\":\"Chi siamo\"}]},{\"@type\":\"WebSite\",\"@id\":\"https:\/\/www.hotel-il-gabbiano.com\/#website\",\"url\":\"https:\/\/www.hotel-il-gabbiano.com\/\",\"name\":\"Il Gabbiano\",\"description\":\"\",\"publisher\":{\"@id\":\"https:\/\/www.hotel-il-gabbiano.com\/#organization\"},\"potentialAction\":[{\"@type\":\"SearchAction\",\"target\":{\"@type\":\"EntryPoint\",\"urlTemplate\":\"https:\/\/www.hotel-il-gabbiano.com\/?s={search_term_string}\"},\"query-input\":{\"@type\":\"PropertyValueSpecification\",\"valueRequired\":true,\"valueName\":\"search_term_string\"}}],\"inLanguage\":\"it-IT\"},{\"@type\":\"Organization\",\"@id\":\"https:\/\/www.hotel-il-gabbiano.com\/#organization\",\"name\":\"Il Gabbiano\",\"url\":\"https:\/\/www.hotel-il-gabbiano.com\/\",\"logo\":{\"@type\":\"ImageObject\",\"inLanguage\":\"it-IT\",\"@id\":\"https:\/\/www.hotel-il-gabbiano.com\/#\/schema\/logo\/image\/\",\"url\":\"https:\/\/www.hotel-il-gabbiano.com\/wp-content\/uploads\/2023\/11\/cropped-logo_gabbiano_mini.png\",\"contentUrl\":\"https:\/\/www.hotel-il-gabbiano.com\/wp-content\/uploads\/2023\/11\/cropped-logo_gabbiano_mini.png\",\"width\":156,\"height\":74,\"caption\":\"Il Gabbiano\"},\"image\":{\"@id\":\"https:\/\/www.hotel-il-gabbiano.com\/#\/schema\/logo\/image\/\"}}]}<\/script>\n<!-- \/ Yoast SEO plugin. -->","yoast_head_json":{"title":"Chi siamo - Il Gabbiano","robots":{"index":"index","follow":"follow","max-snippet":"max-snippet:-1","max-image-preview":"max-image-preview:large","max-video-preview":"max-video-preview:-1"},"canonical":"https:\/\/www.hotel-il-gabbiano.com\/?page_id=1481","og_locale":"it_IT","og_type":"article","og_title":"Chi siamo - Il Gabbiano","og_description":"Benvenuti all&#8217;Hotel Ristorante il Gabbiano Lago Trasimeno Soggiorna presso Hotel Ristorante Il Gabbiano\u00a0 Benvenuti nel nostro hotel, dove la tradizione di famiglia incontra l&#8217;ospitalit\u00e0 autentica. Da generazioni, la nostra famiglia si dedica a creare un&#8217;atmosfera accogliente e calorosa, dove ogni ospite \u00e8 trattato come uno di casa. Ogni angolo del nostro hotel racconta una storia, [&hellip;]","og_url":"https:\/\/www.hotel-il-gabbiano.com\/?page_id=1481","og_site_name":"Il Gabbiano","article_modified_time":"2026-02-19T15:11:15+00:00","og_image":[{"width":1400,"height":707,"url":"https:\/\/www.hotel-il-gabbiano.com\/wp-content\/uploads\/2023\/12\/294668400_466947275440051_3062600612904323215_n.jpg","type":"image\/jpeg"}],"twitter_card":"summary_large_image","schema":{"@context":"https:\/\/schema.org","@graph":[{"@type":"WebPage","@id":"https:\/\/www.hotel-il-gabbiano.com\/?page_id=1481","url":"https:\/\/www.hotel-il-gabbiano.com\/?page_id=1481","name":"Chi siamo - Il Gabbiano","isPartOf":{"@id":"https:\/\/www.hotel-il-gabbiano.com\/#website"},"primaryImageOfPage":{"@id":"https:\/\/www.hotel-il-gabbiano.com\/?page_id=1481#primaryimage"},"image":{"@id":"https:\/\/www.hotel-il-gabbiano.com\/?page_id=1481#primaryimage"},"thumbnailUrl":"https:\/\/www.hotel-il-gabbiano.com\/wp-content\/uploads\/2023\/12\/294668400_466947275440051_3062600612904323215_n.jpg","datePublished":"2023-12-15T14:03:08+00:00","dateModified":"2026-02-19T15:11:15+00:00","breadcrumb":{"@id":"https:\/\/www.hotel-il-gabbiano.com\/?page_id=1481#breadcrumb"},"inLanguage":"it-IT","potentialAction":[{"@type":"ReadAction","target":["https:\/\/www.hotel-il-gabbiano.com\/?page_id=1481"]}]},{"@type":"ImageObject","inLanguage":"it-IT","@id":"https:\/\/www.hotel-il-gabbiano.com\/?page_id=1481#primaryimage","url":"https:\/\/www.hotel-il-gabbiano.com\/wp-content\/uploads\/2023\/12\/294668400_466947275440051_3062600612904323215_n.jpg","contentUrl":"https:\/\/www.hotel-il-gabbiano.com\/wp-content\/uploads\/2023\/12\/294668400_466947275440051_3062600612904323215_n.jpg","width":1400,"height":707},{"@type":"BreadcrumbList","@id":"https:\/\/www.hotel-il-gabbiano.com\/?page_id=1481#breadcrumb","itemListElement":[{"@type":"ListItem","position":1,"name":"Home","item":"https:\/\/www.hotel-il-gabbiano.com\/"},{"@type":"ListItem","position":2,"name":"Chi siamo"}]},{"@type":"WebSite","@id":"https:\/\/www.hotel-il-gabbiano.com\/#website","url":"https:\/\/www.hotel-il-gabbiano.com\/","name":"Il Gabbiano","description":"","publisher":{"@id":"https:\/\/www.hotel-il-gabbiano.com\/#organization"},"potentialAction":[{"@type":"SearchAction","target":{"@type":"EntryPoint","urlTemplate":"https:\/\/www.hotel-il-gabbiano.com\/?s={search_term_string}"},"query-input":{"@type":"PropertyValueSpecification","valueRequired":true,"valueName":"search_term_string"}}],"inLanguage":"it-IT"},{"@type":"Organization","@id":"https:\/\/www.hotel-il-gabbiano.com\/#organization","name":"Il Gabbiano","url":"https:\/\/www.hotel-il-gabbiano.com\/","logo":{"@type":"ImageObject","inLanguage":"it-IT","@id":"https:\/\/www.hotel-il-gabbiano.com\/#\/schema\/logo\/image\/","url":"https:\/\/www.hotel-il-gabbiano.com\/wp-content\/uploads\/2023\/11\/cropped-logo_gabbiano_mini.png","contentUrl":"https:\/\/www.hotel-il-gabbiano.com\/wp-content\/uploads\/2023\/11\/cropped-logo_gabbiano_mini.png","width":156,"height":74,"caption":"Il Gabbiano"},"image":{"@id":"https:\/\/www.hotel-il-gabbiano.com\/#\/schema\/logo\/image\/"}}]}},"_links":{"self":[{"href":"https:\/\/www.hotel-il-gabbiano.com\/index.php?rest_route=\/wp\/v2\/pages\/1481","targetHints":{"allow":["GET"]}}],"collection":[{"href":"https:\/\/www.hotel-il-gabbiano.com\/index.php?rest_route=\/wp\/v2\/pages"}],"about":[{"href":"https:\/\/www.hotel-il-gabbiano.com\/index.php?rest_route=\/wp\/v2\/types\/page"}],"author":[{"embeddable":true,"href":"https:\/\/www.hotel-il-gabbiano.com\/index.php?rest_route=\/wp\/v2\/users\/1"}],"replies":[{"embeddable":true,"href":"https:\/\/www.hotel-il-gabbiano.com\/index.php?rest_route=%2Fwp%2Fv2%2Fcomments&post=1481"}],"version-history":[{"count":49,"href":"https:\/\/www.hotel-il-gabbiano.com\/index.php?rest_route=\/wp\/v2\/pages\/1481\/revisions"}],"predecessor-version":[{"id":5125,"href":"https:\/\/www.hotel-il-gabbiano.com\/index.php?rest_route=\/wp\/v2\/pages\/1481\/revisions\/5125"}],"wp:attachment":[{"href":"https:\/\/www.hotel-il-gabbiano.com\/index.php?rest_route=%2Fwp%2Fv2%2Fmedia&parent=1481"}],"curies":[{"name":"wp","href":"https:\/\/api.w.org\/{rel}","templated":true}]}}