{"id":1714,"date":"2024-01-02T17:17:28","date_gmt":"2024-01-02T16:17:28","guid":{"rendered":"https:\/\/www.hotel-il-gabbiano.com\/?page_id=1714"},"modified":"2024-01-16T14:45:55","modified_gmt":"2024-01-16T13:45:55","slug":"privacy-policy-2","status":"publish","type":"page","link":"https:\/\/www.hotel-il-gabbiano.com\/?page_id=1714","title":{"rendered":"Privacy policy"},"content":{"rendered":"\t\t<div data-elementor-type=\"wp-page\" data-elementor-id=\"1714\" class=\"elementor elementor-1714\" data-elementor-post-type=\"page\">\n\t\t\t\t\t\t<section class=\"elementor-section elementor-top-section elementor-element elementor-element-13f95fa elementor-section-boxed elementor-section-height-default elementor-section-height-default\" data-id=\"13f95fa\" data-element_type=\"section\">\n\t\t\t\t\t\t<div class=\"elementor-container elementor-column-gap-default\">\n\t\t\t\t\t<div class=\"aux-parallax-section elementor-column elementor-col-100 elementor-top-column elementor-element elementor-element-07b2eab\" data-id=\"07b2eab\" data-element_type=\"column\">\n\t\t\t<div class=\"elementor-widget-wrap elementor-element-populated\">\n\t\t\t\t\t\t<div class=\"elementor-element elementor-element-47d8d32 elementor-widget elementor-widget-text-editor\" data-id=\"47d8d32\" data-element_type=\"widget\" data-widget_type=\"text-editor.default\">\n\t\t\t\t<div class=\"elementor-widget-container\">\n\t\t\t\t\t\t\t\t\t<p><b>INFORMATIVA PER IL TRATTAMENTO DEI DATI PERSONALI\u00a0<\/b><\/p><p><span style=\"font-weight: 400;\">3 G S.r.l con sede legale in Voc. S. Agnese, 22\/A\u00a0 &#8211; 06065 PASSIGNANO SUL TRASIMENO (PG)\u00a0 CF e P.IVA 03474290545 (in seguito, \u201c<\/span><b>Titolare<\/b><span style=\"font-weight: 400;\">\u201d), in qualit\u00e0 di titolare del trattamento, La informa ai sensi dell\u2019art. 13 D.Lgs. 30.6.2003 n. 196 (in seguito, \u201c<\/span><b>Codice Privacy<\/b><span style=\"font-weight: 400;\">\u201d) e dell\u2019art. 13 Regolamento UE n. 2016\/679 (in seguito, \u201c<\/span><b>GDPR<\/b><span style=\"font-weight: 400;\">\u201d) che i Suoi dati saranno trattati con le modalit\u00e0 e per le finalit\u00e0 seguenti:\u00a0<\/span><\/p><ol><li><b> Oggetto del Trattamento\u00a0<\/b><\/li><\/ol><p><span style=\"font-weight: 400;\">Il Titolare tratta i dati personali, identificativi (ad esempio, nome, cognome, ragione sociale, indirizzo, telefono, e-mail, riferimenti bancari e di pagamento) \u2013 in seguito, \u201cdati personali\u201d o anche \u201cdati\u201d) da Lei comunicati in occasione della conclusione di contratti per i servizi del Titolare.\u00a0<\/span><\/p><ol start=\"2\"><li><b> Finalit\u00e0 del trattamento\u00a0<\/b><\/li><\/ol><p><b>I Suoi dati personali sono trattati:\u00a0<\/b><\/p><ol><li><b>A) senza il Suo consenso espresso<\/b><span style=\"font-weight: 400;\"> (art. 24 lett. a), b), c) Codice Privacy e art. 6 lett. b), e) GDPR), per le seguenti Finalit\u00e0 di Servizio:\u00a0<\/span><\/li><\/ol><p><span style=\"font-weight: 400;\">&#8211; \u00a0concludere i contratti per i servizi del Titolare; <\/span><span style=\"font-weight: 400;\">\u2028<\/span><\/p><p><span style=\"font-weight: 400;\">&#8211; \u00a0adempiere agli obblighi precontrattuali, contrattuali e fiscali derivanti da rapporti con Lei in essere; <\/span><span style=\"font-weight: 400;\">\u2028<\/span><\/p><p><span style=\"font-weight: 400;\">&#8211; \u00a0adempiere agli obblighi previsti dalla legge, da un regolamento, dalla <\/span><span style=\"font-weight: 400;\">\u2028<\/span><span style=\"font-weight: 400;\">normativa comunitaria o da un ordine dell\u2019Autorit\u00e0;<\/span><\/p><p><span style=\"font-weight: 400;\">&#8211; \u00a0esercitare i diritti del Titolare, ad esempio il diritto di difesa in giudizio; <\/span><span style=\"font-weight: 400;\">\u2028<\/span><\/p><ol><li><b>B) Solo previo Suo specifico e distinto consenso<\/b><span style=\"font-weight: 400;\"> (artt. 23 e 130 Codice Privacy e art. 7 GDPR), per le seguenti Finalit\u00e0 di Marketing: <\/span><span style=\"font-weight: 400;\">\u2028<\/span><span style=\"font-weight: 400;\">&#8211; \u00a0inviarLe via e-mail, posta e\/o sms e\/o contatti telefonici, newsletter, comunicazioni commerciali e\/o materiale pubblicitario su prodotti o servizi offerti dal Titolare e rilevazione del grado di soddisfazione sulla qualit\u00e0 dei servizi; <\/span><span style=\"font-weight: 400;\">\u2028<\/span><\/li><\/ol><p><span style=\"font-weight: 400;\">&#8211; \u00a0inviarLe via e-mail, posta e\/o sms e\/o contatti telefonici comunicazioni commerciali e\/o promozionali di soggetti terzi (ad esempio, business partner, compagnie assicurative, altre societ\u00e0 del Gruppo del Titolare). Le segnaliamo che se siete gi\u00e0 nostri clienti, potremo inviarLe comunicazioni commerciali relative a servizi e prodotti del Titolare analoghi a quelli di cui ha gi\u00e0 usufruito, salvo Suo dissenso (art. 130 c. 4 Codice Privacy).\u00a0<\/span><\/p><ol start=\"3\"><li><b> Modalit\u00e0 di trattamento\u00a0<\/b><\/li><\/ol><p><span style=\"font-weight: 400;\">Il trattamento dei Suoi dati personali \u00e8 realizzato per mezzo delle operazioni indicate all\u2019art. 4 Codice Privacy e all\u2019art. 4 n. 2) GDPR e precisamente: raccolta, registrazione, organizzazione, conservazione, consultazione, elaborazione, modificazione, selezione, estrazione, raffronto, utilizzo, interconnessione, blocco, comunicazione, cancellazione e distruzione dei dati. I Suoi dati personali sono sottoposti a trattamento sia cartaceo che elettronico e\/o automatizzato.\u00a0<\/span><\/p><p><span style=\"font-weight: 400;\">Il Titolare tratter\u00e0 i dati personali per il tempo necessario per adempiere alle finalit\u00e0 di cui sopra e comunque per non oltre 10 anni dalla cessazione del rapporto per le Finalit\u00e0 di Servizio e per non oltre 2 anni dalla raccolta dei dati per le Finalit\u00e0 di Marketing.\u00a0<\/span><\/p><ol start=\"4\"><li><b> Accesso ai dati\u00a0<\/b><\/li><\/ol><p><span style=\"font-weight: 400;\">I Suoi dati potranno essere resi accessibili per le finalit\u00e0 di cui all\u2019art. 2.A) e 2.B)<\/span><\/p><p><span style=\"font-weight: 400;\">a dipendenti e collaboratori del Titolare in Italia e all\u2019estero, nella loro qualit\u00e0 di incaricati e\/o responsabili interni del trattamento e\/o amministratori di sistema; <\/span><span style=\"font-weight: 400;\">\u2028<\/span><span style=\"font-weight: 400;\">a societ\u00e0 terze o altri soggetti (a titolo indicativo, istituti di credito, studi professionali, consulenti, societ\u00e0 di assicurazione per la prestazione di servizi assicurativi, etc.) che svolgono attivit\u00e0 in outsourcing per conto del Titolare, nella loro qualit\u00e0 di responsabili esterni del trattamento.\u00a0<\/span><\/p><p><span style=\"font-weight: 400;\">Comunicazione dei dati\u00a0<\/span><\/p><p><span style=\"font-weight: 400;\">Senza la necessit\u00e0 di un espresso consenso (ex art. 24 lett. a), b), d) Codice Privacy e art. 6 lett. b) e c) GDPR), il Titolare potr\u00e0 comunicare i Suoi dati per le finalit\u00e0 di cui all\u2019art. 2.A) a Organismi di vigilanza (quali IVASS), Autorit\u00e0 giudiziarie, a societ\u00e0 di assicurazione per la prestazione di servizi assicurativi, nonch\u00e9 a quei soggetti ai quali la comunicazione sia obbligatoria per legge per l\u2019espletamento delle finalit\u00e0 dette. Detti soggetti tratteranno i dati nella loro qualit\u00e0 di autonomi titolari del trattamento.\u00a0<\/span><\/p><p><span style=\"font-weight: 400;\">I Suoi dati non saranno diffusi.\u00a0<\/span><\/p><ol start=\"5\"><li><b> Trasferimento dati\u00a0<\/b><\/li><\/ol><p><span style=\"font-weight: 400;\">I dati personali sono conservati su server ubicati nella sede legale del Titolare e all\u2019interno dell\u2019Unione Europea. Resta in ogni caso inteso che il Titolare, ove si rendesse necessario, avr\u00e0 facolt\u00e0 di spostare i server anche extra-UE. In tal caso, il Titolare assicura sin d\u2019ora che il trasferimento dei dati extra-UE avverr\u00e0 in conformit\u00e0 alle disposizioni di legge applicabili, previa stipula delle clausole contrattuali standard previste dalla Commissione Europea.\u00a0<\/span><\/p><ol start=\"6\"><li><b> Natura del conferimento dei dati e conseguenze del rifiuto di rispondere\u00a0<\/b><\/li><\/ol><p><span style=\"font-weight: 400;\">Il conferimento dei dati per le finalit\u00e0 di cui all\u2019art. 2.A) \u00e8 obbligatorio. In loro assenza, non potremo garantirLe i Servizi dell\u2019art. 2.A).\u00a0<\/span><\/p><p><span style=\"font-weight: 400;\">Il conferimento dei dati per le finalit\u00e0 di cui all\u2019art. 2.B) \u00e8 invece facoltativo. Pu\u00f2 quindi decidere di non conferire alcun dato o di negare successivamente la possibilit\u00e0 di trattare dati gi\u00e0 forniti: in tal caso, non potr\u00e0 ricevere newsletter, comunicazioni commerciali e materiale pubblicitario inerenti ai Servizi offerti dal Titolare. Continuer\u00e0 comunque ad avere diritto ai Servizi di cui all\u2019art. 2.A).\u00a0<\/span><\/p><ol start=\"7\"><li><b> Diritti dell\u2019interessato\u00a0<\/b><\/li><\/ol><p><span style=\"font-weight: 400;\">Nella Sua qualit\u00e0 di interessato, ha i diritti di cui all\u2019art. 7 Codice Privacy e art. 15 GDPR e precisamente i diritti di:\u00a0<\/span><\/p><p><span style=\"font-weight: 400;\">ottenere la conferma dell&#8217;esistenza o meno di dati personali che La riguardano, anche se non ancora registrati, e la loro comunicazione in forma intelligibile; <\/span><span style=\"font-weight: 400;\">\u2028<\/span><\/p><p><span style=\"font-weight: 400;\">\u00a0ottenere l&#8217;indicazione: a) dell&#8217;origine dei dati personali; b) delle finalit\u00e0 e modalit\u00e0 del trattamento; c) della logica applicata in caso di trattamento effettuato con l&#8217;ausilio di strumenti elettronici; d) degli estremi identificativi del titolare, dei responsabili e del rappresentante designato ai sensi dell&#8217;art. 5, comma 2 Codice Privacy e art. 3, comma 1, GDPR; e) dei soggetti o delle categorie di soggetti ai quali i dati personali possono essere comunicati o che possono venirne a conoscenza in qualit\u00e0 di rappresentante designato nel territorio dello Stato, di responsabili o incaricati; <\/span><span style=\"font-weight: 400;\">\u2028<\/span><\/p><p><span style=\"font-weight: 400;\">ottenere: a) l&#8217;aggiornamento, la rettificazione ovvero, quando vi ha interesse, l&#8217;integrazione dei dati; b) la cancellazione, la trasformazione in forma anonima o il blocco dei dati trattati in violazione di legge, compresi quelli di cui non \u00e8 necessaria la conservazione in relazione agli scopi per i quali i dati sono stati raccolti o successivamente trattati; c) l&#8217;attestazione che le operazioni di cui alle lettere a) e b) sono state portate a conoscenza, anche per quanto riguarda il loro contenuto, di coloro ai quali i dati sono stati comunicati o diffusi, eccettuato il caso in cui tale adempimento si rivela impossibile o comporta un impiego di mezzi manifestamente sproporzionato rispetto al diritto tutelato; <\/span><span style=\"font-weight: 400;\">\u2028<\/span><\/p><p><span style=\"font-weight: 400;\">opporsi, in tutto o in parte: a) per motivi legittimi al trattamento dei dati personali che La riguardano, ancorch\u00e9 pertinenti allo scopo della raccolta; b) al trattamento di dati personali che La riguardano a fini di invio di materiale pubblicitario o di vendita diretta o per il compimento di ricerche di mercato o di comunicazione commerciale, mediante l\u2019uso di sistemi automatizzati di chiamata senza l\u2019intervento di un operatore mediante e-mail e\/o mediante modalit\u00e0 di marketing tradizionali mediante telefono e\/o posta cartacea. Si fa presente che il diritto di opposizione dell\u2019interessato, esposto al precedente punto b), per finalit\u00e0 di marketing diretto mediante modalit\u00e0 automatizzate si estende a quelle tradizionali e che comunque resta salva la possibilit\u00e0 per l\u2019interessato di esercitare il diritto di opposizione anche solo in <\/span><span style=\"font-weight: 400;\">\u2028<\/span><span style=\"font-weight: 400;\">parte. Pertanto, l\u2019interessato pu\u00f2 decidere di ricevere solo comunicazioni mediante modalit\u00e0 tradizionali ovvero solo comunicazioni automatizzate oppure nessuna delle due tipologie di comunicazione.\u00a0<\/span><\/p><p><span style=\"font-weight: 400;\">Ove applicabili, ha altres\u00ec i diritti di cui agli artt. 16-21 GDPR (Diritto di rettifica, diritto all\u2019oblio, diritto di limitazione di trattamento, diritto alla portabilit\u00e0 dei dati, diritto di opposizione), nonch\u00e9 il diritto di reclamo all\u2019Autorit\u00e0 Garante.\u00a0<\/span><\/p><ol start=\"8\"><li><b> Modalit\u00e0 di esercizio dei diritti\u00a0<\/b><\/li><\/ol><p><span style=\"font-weight: 400;\">Potr\u00e0 in qualsiasi momento esercitare i diritti inviando:\u00a0<\/span><\/p><p><span style=\"font-weight: 400;\">&#8211; \u00a0una raccomandata a.r.\u00a0 a :<\/span><\/p><p><span style=\"font-weight: 400;\">3 G S.r.l- Voc. S. Agnese, 22\/A &#8211; 06065 PASSIGNANO SUL TRASIMENO\u00a0 (PG)<\/span><\/p><p><span style=\"font-weight: 400;\">una e-mail all\u2019indirizzo info@hotel-il-gabbiano.it<\/span><\/p><ol start=\"9\"><li><b> Titolare, responsabile e incaricati <\/b><b>\u2028<\/b><\/li><\/ol><p><span style=\"font-weight: 400;\">Il Titolare del trattamento \u00e8\u00a0<\/span><\/p><p><span style=\"font-weight: 400;\">3 G S.r.l \u2013 Voc. S. Agnese, 22\/A\u00a0 &#8211; 06065 PASSIGNANO SUL TRASIMENO (PG) &#8211; P.Iva 03474290545<\/span><\/p><p>\u00a0<\/p><p><span style=\"font-weight: 400;\">L\u2019elenco aggiornato dei responsabili e degli incaricati al trattamento \u00e8 custodito presso la sede legale del Titolare del trattamento. <\/span><span style=\"font-weight: 400;\">\u2028<\/span><\/p><p>\u00a0<\/p><p><span style=\"font-weight: 400;\">Presa visione dell\u2019informativa si esprime il consenso al trattamento dei dati per le finalit\u00e0 indicate e descritte al punto 2B della presente informativa.<\/span><\/p>\t\t\t\t\t\t\t\t<\/div>\n\t\t\t\t<\/div>\n\t\t\t\t\t<\/div>\n\t\t<\/div>\n\t\t\t\t\t<\/div>\n\t\t<\/section>\n\t\t\t\t<\/div>\n\t\t","protected":false},"excerpt":{"rendered":"<p>INFORMATIVA PER IL TRATTAMENTO DEI DATI PERSONALI\u00a0 3 G S.r.l con sede legale in Voc. S. Agnese, 22\/A\u00a0 &#8211; 06065 PASSIGNANO SUL TRASIMENO (PG)\u00a0 CF e P.IVA 03474290545 (in seguito, \u201cTitolare\u201d), in qualit\u00e0 di titolare del trattamento, La informa ai sensi dell\u2019art. 13 D.Lgs. 30.6.2003 n. 196 (in seguito, \u201cCodice Privacy\u201d) e dell\u2019art. 13 Regolamento [&hellip;]<\/p>\n","protected":false},"author":1,"featured_media":0,"parent":0,"menu_order":0,"comment_status":"closed","ping_status":"closed","template":"","meta":{"footnotes":""},"class_list":["post-1714","page","type-page","status-publish","hentry"],"yoast_head":"<!-- This site is optimized with the Yoast SEO plugin v26.4 - https:\/\/yoast.com\/wordpress\/plugins\/seo\/ -->\n<title>Privacy policy - Il Gabbiano<\/title>\n<meta name=\"robots\" content=\"index, follow, max-snippet:-1, max-image-preview:large, max-video-preview:-1\" \/>\n<link rel=\"canonical\" href=\"https:\/\/www.hotel-il-gabbiano.com\/?page_id=1714\" \/>\n<meta property=\"og:locale\" content=\"it_IT\" \/>\n<meta property=\"og:type\" content=\"article\" \/>\n<meta property=\"og:title\" content=\"Privacy policy - Il Gabbiano\" \/>\n<meta property=\"og:description\" content=\"INFORMATIVA PER IL TRATTAMENTO DEI DATI PERSONALI\u00a0 3 G S.r.l con sede legale in Voc. S. Agnese, 22\/A\u00a0 &#8211; 06065 PASSIGNANO SUL TRASIMENO (PG)\u00a0 CF e P.IVA 03474290545 (in seguito, \u201cTitolare\u201d), in qualit\u00e0 di titolare del trattamento, La informa ai sensi dell\u2019art. 13 D.Lgs. 30.6.2003 n. 196 (in seguito, \u201cCodice Privacy\u201d) e dell\u2019art. 13 Regolamento [&hellip;]\" \/>\n<meta property=\"og:url\" content=\"https:\/\/www.hotel-il-gabbiano.com\/?page_id=1714\" \/>\n<meta property=\"og:site_name\" content=\"Il Gabbiano\" \/>\n<meta property=\"article:modified_time\" content=\"2024-01-16T13:45:55+00:00\" \/>\n<meta name=\"twitter:card\" content=\"summary_large_image\" \/>\n<meta name=\"twitter:label1\" content=\"Tempo di lettura stimato\" \/>\n\t<meta name=\"twitter:data1\" content=\"8 minuti\" \/>\n<script type=\"application\/ld+json\" class=\"yoast-schema-graph\">{\"@context\":\"https:\/\/schema.org\",\"@graph\":[{\"@type\":\"WebPage\",\"@id\":\"https:\/\/www.hotel-il-gabbiano.com\/?page_id=1714\",\"url\":\"https:\/\/www.hotel-il-gabbiano.com\/?page_id=1714\",\"name\":\"Privacy policy - Il Gabbiano\",\"isPartOf\":{\"@id\":\"https:\/\/www.hotel-il-gabbiano.com\/#website\"},\"datePublished\":\"2024-01-02T16:17:28+00:00\",\"dateModified\":\"2024-01-16T13:45:55+00:00\",\"breadcrumb\":{\"@id\":\"https:\/\/www.hotel-il-gabbiano.com\/?page_id=1714#breadcrumb\"},\"inLanguage\":\"it-IT\",\"potentialAction\":[{\"@type\":\"ReadAction\",\"target\":[\"https:\/\/www.hotel-il-gabbiano.com\/?page_id=1714\"]}]},{\"@type\":\"BreadcrumbList\",\"@id\":\"https:\/\/www.hotel-il-gabbiano.com\/?page_id=1714#breadcrumb\",\"itemListElement\":[{\"@type\":\"ListItem\",\"position\":1,\"name\":\"Home\",\"item\":\"https:\/\/www.hotel-il-gabbiano.com\/\"},{\"@type\":\"ListItem\",\"position\":2,\"name\":\"Privacy policy\"}]},{\"@type\":\"WebSite\",\"@id\":\"https:\/\/www.hotel-il-gabbiano.com\/#website\",\"url\":\"https:\/\/www.hotel-il-gabbiano.com\/\",\"name\":\"Il Gabbiano\",\"description\":\"\",\"publisher\":{\"@id\":\"https:\/\/www.hotel-il-gabbiano.com\/#organization\"},\"potentialAction\":[{\"@type\":\"SearchAction\",\"target\":{\"@type\":\"EntryPoint\",\"urlTemplate\":\"https:\/\/www.hotel-il-gabbiano.com\/?s={search_term_string}\"},\"query-input\":{\"@type\":\"PropertyValueSpecification\",\"valueRequired\":true,\"valueName\":\"search_term_string\"}}],\"inLanguage\":\"it-IT\"},{\"@type\":\"Organization\",\"@id\":\"https:\/\/www.hotel-il-gabbiano.com\/#organization\",\"name\":\"Il Gabbiano\",\"url\":\"https:\/\/www.hotel-il-gabbiano.com\/\",\"logo\":{\"@type\":\"ImageObject\",\"inLanguage\":\"it-IT\",\"@id\":\"https:\/\/www.hotel-il-gabbiano.com\/#\/schema\/logo\/image\/\",\"url\":\"https:\/\/www.hotel-il-gabbiano.com\/wp-content\/uploads\/2023\/11\/cropped-logo_gabbiano_mini.png\",\"contentUrl\":\"https:\/\/www.hotel-il-gabbiano.com\/wp-content\/uploads\/2023\/11\/cropped-logo_gabbiano_mini.png\",\"width\":156,\"height\":74,\"caption\":\"Il Gabbiano\"},\"image\":{\"@id\":\"https:\/\/www.hotel-il-gabbiano.com\/#\/schema\/logo\/image\/\"}}]}<\/script>\n<!-- \/ Yoast SEO plugin. -->","yoast_head_json":{"title":"Privacy policy - Il Gabbiano","robots":{"index":"index","follow":"follow","max-snippet":"max-snippet:-1","max-image-preview":"max-image-preview:large","max-video-preview":"max-video-preview:-1"},"canonical":"https:\/\/www.hotel-il-gabbiano.com\/?page_id=1714","og_locale":"it_IT","og_type":"article","og_title":"Privacy policy - Il Gabbiano","og_description":"INFORMATIVA PER IL TRATTAMENTO DEI DATI PERSONALI\u00a0 3 G S.r.l con sede legale in Voc. S. Agnese, 22\/A\u00a0 &#8211; 06065 PASSIGNANO SUL TRASIMENO (PG)\u00a0 CF e P.IVA 03474290545 (in seguito, \u201cTitolare\u201d), in qualit\u00e0 di titolare del trattamento, La informa ai sensi dell\u2019art. 13 D.Lgs. 30.6.2003 n. 196 (in seguito, \u201cCodice Privacy\u201d) e dell\u2019art. 13 Regolamento [&hellip;]","og_url":"https:\/\/www.hotel-il-gabbiano.com\/?page_id=1714","og_site_name":"Il Gabbiano","article_modified_time":"2024-01-16T13:45:55+00:00","twitter_card":"summary_large_image","twitter_misc":{"Tempo di lettura stimato":"8 minuti"},"schema":{"@context":"https:\/\/schema.org","@graph":[{"@type":"WebPage","@id":"https:\/\/www.hotel-il-gabbiano.com\/?page_id=1714","url":"https:\/\/www.hotel-il-gabbiano.com\/?page_id=1714","name":"Privacy policy - Il Gabbiano","isPartOf":{"@id":"https:\/\/www.hotel-il-gabbiano.com\/#website"},"datePublished":"2024-01-02T16:17:28+00:00","dateModified":"2024-01-16T13:45:55+00:00","breadcrumb":{"@id":"https:\/\/www.hotel-il-gabbiano.com\/?page_id=1714#breadcrumb"},"inLanguage":"it-IT","potentialAction":[{"@type":"ReadAction","target":["https:\/\/www.hotel-il-gabbiano.com\/?page_id=1714"]}]},{"@type":"BreadcrumbList","@id":"https:\/\/www.hotel-il-gabbiano.com\/?page_id=1714#breadcrumb","itemListElement":[{"@type":"ListItem","position":1,"name":"Home","item":"https:\/\/www.hotel-il-gabbiano.com\/"},{"@type":"ListItem","position":2,"name":"Privacy policy"}]},{"@type":"WebSite","@id":"https:\/\/www.hotel-il-gabbiano.com\/#website","url":"https:\/\/www.hotel-il-gabbiano.com\/","name":"Il Gabbiano","description":"","publisher":{"@id":"https:\/\/www.hotel-il-gabbiano.com\/#organization"},"potentialAction":[{"@type":"SearchAction","target":{"@type":"EntryPoint","urlTemplate":"https:\/\/www.hotel-il-gabbiano.com\/?s={search_term_string}"},"query-input":{"@type":"PropertyValueSpecification","valueRequired":true,"valueName":"search_term_string"}}],"inLanguage":"it-IT"},{"@type":"Organization","@id":"https:\/\/www.hotel-il-gabbiano.com\/#organization","name":"Il Gabbiano","url":"https:\/\/www.hotel-il-gabbiano.com\/","logo":{"@type":"ImageObject","inLanguage":"it-IT","@id":"https:\/\/www.hotel-il-gabbiano.com\/#\/schema\/logo\/image\/","url":"https:\/\/www.hotel-il-gabbiano.com\/wp-content\/uploads\/2023\/11\/cropped-logo_gabbiano_mini.png","contentUrl":"https:\/\/www.hotel-il-gabbiano.com\/wp-content\/uploads\/2023\/11\/cropped-logo_gabbiano_mini.png","width":156,"height":74,"caption":"Il Gabbiano"},"image":{"@id":"https:\/\/www.hotel-il-gabbiano.com\/#\/schema\/logo\/image\/"}}]}},"_links":{"self":[{"href":"https:\/\/www.hotel-il-gabbiano.com\/index.php?rest_route=\/wp\/v2\/pages\/1714","targetHints":{"allow":["GET"]}}],"collection":[{"href":"https:\/\/www.hotel-il-gabbiano.com\/index.php?rest_route=\/wp\/v2\/pages"}],"about":[{"href":"https:\/\/www.hotel-il-gabbiano.com\/index.php?rest_route=\/wp\/v2\/types\/page"}],"author":[{"embeddable":true,"href":"https:\/\/www.hotel-il-gabbiano.com\/index.php?rest_route=\/wp\/v2\/users\/1"}],"replies":[{"embeddable":true,"href":"https:\/\/www.hotel-il-gabbiano.com\/index.php?rest_route=%2Fwp%2Fv2%2Fcomments&post=1714"}],"version-history":[{"count":6,"href":"https:\/\/www.hotel-il-gabbiano.com\/index.php?rest_route=\/wp\/v2\/pages\/1714\/revisions"}],"predecessor-version":[{"id":1893,"href":"https:\/\/www.hotel-il-gabbiano.com\/index.php?rest_route=\/wp\/v2\/pages\/1714\/revisions\/1893"}],"wp:attachment":[{"href":"https:\/\/www.hotel-il-gabbiano.com\/index.php?rest_route=%2Fwp%2Fv2%2Fmedia&parent=1714"}],"curies":[{"name":"wp","href":"https:\/\/api.w.org\/{rel}","templated":true}]}}