{"id":3273,"date":"2025-01-21T17:48:47","date_gmt":"2025-01-21T16:48:47","guid":{"rendered":"https:\/\/www.hotel-il-gabbiano.com\/?page_id=3273"},"modified":"2025-09-28T19:52:28","modified_gmt":"2025-09-28T17:52:28","slug":"piscina","status":"publish","type":"page","link":"https:\/\/www.hotel-il-gabbiano.com\/?page_id=3273","title":{"rendered":"Piscina"},"content":{"rendered":"\t\t<div data-elementor-type=\"wp-page\" data-elementor-id=\"3273\" class=\"elementor elementor-3273\" data-elementor-post-type=\"page\">\n\t\t\t\t\t\t<section class=\"elementor-section elementor-top-section elementor-element elementor-element-6f746a9 elementor-section-full_width elementor-section-height-default elementor-section-height-default\" data-id=\"6f746a9\" data-element_type=\"section\">\n\t\t\t\t\t\t<div class=\"elementor-container elementor-column-gap-default\">\n\t\t\t\t\t<div class=\"aux-parallax-section elementor-column elementor-col-100 elementor-top-column elementor-element elementor-element-6082e4c1\" data-id=\"6082e4c1\" data-element_type=\"column\">\n\t\t\t<div class=\"elementor-widget-wrap elementor-element-populated\">\n\t\t\t\t\t\t<div class=\"elementor-element elementor-element-4d311bcf elementor-widget elementor-widget-aux_modern_heading\" data-id=\"4d311bcf\" data-element_type=\"widget\" data-widget_type=\"aux_modern_heading.default\">\n\t\t\t\t<div class=\"elementor-widget-container\">\n\t\t\t\t\t<section class=\"aux-widget-modern-heading\">\n            <div class=\"aux-widget-inner\"><h2 class=\"aux-modern-heading-primary\">Piscina<\/h2><\/div>\n        <\/section>\t\t\t\t<\/div>\n\t\t\t\t<\/div>\n\t\t\t\t<div class=\"elementor-element elementor-element-267c687 elementor-widget elementor-widget-image\" data-id=\"267c687\" data-element_type=\"widget\" data-widget_type=\"image.default\">\n\t\t\t\t<div class=\"elementor-widget-container\">\n\t\t\t\t\t\t\t\t\t\t\t\t\t\t\t<img fetchpriority=\"high\" decoding=\"async\" width=\"1920\" height=\"1080\" src=\"https:\/\/www.hotel-il-gabbiano.com\/wp-content\/uploads\/2025\/09\/PGH51766.jpg\" class=\"attachment-full size-full wp-image-4715\" alt=\"\" srcset=\"https:\/\/www.hotel-il-gabbiano.com\/wp-content\/uploads\/2025\/09\/PGH51766.jpg 1920w, https:\/\/www.hotel-il-gabbiano.com\/wp-content\/uploads\/2025\/09\/PGH51766-1536x864.jpg 1536w\" sizes=\"(max-width: 1920px) 100vw, 1920px\" \/>\t\t\t\t\t\t\t\t\t\t\t\t\t\t\t<\/div>\n\t\t\t\t<\/div>\n\t\t\t\t<div class=\"elementor-element elementor-element-788b157b elementor-widget elementor-widget-aux_modern_heading\" data-id=\"788b157b\" data-element_type=\"widget\" data-widget_type=\"aux_modern_heading.default\">\n\t\t\t\t<div class=\"elementor-widget-container\">\n\t\t\t\t\t<section class=\"aux-widget-modern-heading\">\n            <div class=\"aux-widget-inner\"><h2 class=\"aux-modern-heading-primary\">Rilassati nella piscina dell'Hotel Il Gabbiano<\/h2><div class=\"aux-modern-heading-description\"><p>Grazie alla sua piscina, da Maggio a Settembre, l'Hotel il Gabbiano \u00e8 in grado di offrire ai suoi ospiti incantevoli esperienze di pace e relax per una vacanza indimenticabile. Rilassati nella splendida piscina attrezzata con ombrelloni e lettini. Ha una lunghezza complessiva di 20 metri e una larghezza di 10 metri. Il punto pi\u00f9 basso \u00e8 di 1,30 mt, il pi\u00f9 profondo \u00e8 di 3,20 mt. \u00c8 dotata di una doccia esterna.<\/p><\/div><\/div>\n        <\/section>\t\t\t\t<\/div>\n\t\t\t\t<\/div>\n\t\t\t\t<div class=\"elementor-element elementor-element-dd19106 elementor-arrows-position-inside elementor-pagination-position-outside elementor-widget elementor-widget-image-carousel\" data-id=\"dd19106\" data-element_type=\"widget\" data-settings=\"{&quot;navigation&quot;:&quot;both&quot;,&quot;autoplay&quot;:&quot;yes&quot;,&quot;pause_on_hover&quot;:&quot;yes&quot;,&quot;pause_on_interaction&quot;:&quot;yes&quot;,&quot;autoplay_speed&quot;:5000,&quot;infinite&quot;:&quot;yes&quot;,&quot;speed&quot;:500}\" data-widget_type=\"image-carousel.default\">\n\t\t\t\t<div class=\"elementor-widget-container\">\n\t\t\t\t\t\t\t<div class=\"elementor-image-carousel-wrapper swiper\" role=\"region\" aria-roledescription=\"carousel\" aria-label=\"Carosello d&#039;immagini\" dir=\"ltr\">\n\t\t\t<div class=\"elementor-image-carousel swiper-wrapper swiper-image-stretch\" aria-live=\"off\">\n\t\t\t\t\t\t\t\t<div class=\"swiper-slide\" role=\"group\" aria-roledescription=\"slide\" aria-label=\"1 di 15\"><figure class=\"swiper-slide-inner\"><img decoding=\"async\" class=\"swiper-slide-image\" src=\"https:\/\/www.hotel-il-gabbiano.com\/wp-content\/uploads\/2025\/09\/PGH51775-1-300x300.jpg\" alt=\"PGH51775\" \/><\/figure><\/div><div class=\"swiper-slide\" role=\"group\" aria-roledescription=\"slide\" aria-label=\"2 di 15\"><figure class=\"swiper-slide-inner\"><img decoding=\"async\" class=\"swiper-slide-image\" src=\"https:\/\/www.hotel-il-gabbiano.com\/wp-content\/uploads\/2025\/09\/PGH51778-1-300x300.jpg\" alt=\"PGH51778\" \/><\/figure><\/div><div class=\"swiper-slide\" role=\"group\" aria-roledescription=\"slide\" aria-label=\"3 di 15\"><figure class=\"swiper-slide-inner\"><img decoding=\"async\" class=\"swiper-slide-image\" src=\"https:\/\/www.hotel-il-gabbiano.com\/wp-content\/uploads\/2025\/09\/PGH51784-1-300x300.jpg\" alt=\"PGH51784\" \/><\/figure><\/div><div class=\"swiper-slide\" role=\"group\" aria-roledescription=\"slide\" aria-label=\"4 di 15\"><figure class=\"swiper-slide-inner\"><img decoding=\"async\" class=\"swiper-slide-image\" src=\"https:\/\/www.hotel-il-gabbiano.com\/wp-content\/uploads\/2025\/09\/PGH51861-1-300x300.jpg\" alt=\"PGH51861\" \/><\/figure><\/div><div class=\"swiper-slide\" role=\"group\" aria-roledescription=\"slide\" aria-label=\"5 di 15\"><figure class=\"swiper-slide-inner\"><img decoding=\"async\" class=\"swiper-slide-image\" src=\"https:\/\/www.hotel-il-gabbiano.com\/wp-content\/uploads\/2025\/09\/PGH51869-1-300x300.jpg\" alt=\"PGH51869\" \/><\/figure><\/div><div class=\"swiper-slide\" role=\"group\" aria-roledescription=\"slide\" aria-label=\"6 di 15\"><figure class=\"swiper-slide-inner\"><img decoding=\"async\" class=\"swiper-slide-image\" src=\"https:\/\/www.hotel-il-gabbiano.com\/wp-content\/uploads\/2025\/09\/PGH59078-1-300x300.jpg\" alt=\"PGH59078\" \/><\/figure><\/div><div class=\"swiper-slide\" role=\"group\" aria-roledescription=\"slide\" aria-label=\"7 di 15\"><figure class=\"swiper-slide-inner\"><img decoding=\"async\" class=\"swiper-slide-image\" src=\"https:\/\/www.hotel-il-gabbiano.com\/wp-content\/uploads\/2025\/09\/PGH59143-1-300x300.jpg\" alt=\"PGH59143\" \/><\/figure><\/div><div class=\"swiper-slide\" role=\"group\" aria-roledescription=\"slide\" aria-label=\"8 di 15\"><figure class=\"swiper-slide-inner\"><img decoding=\"async\" class=\"swiper-slide-image\" src=\"https:\/\/www.hotel-il-gabbiano.com\/wp-content\/uploads\/2025\/09\/PGH51750-1-300x300.jpg\" alt=\"PGH51750\" \/><\/figure><\/div><div class=\"swiper-slide\" role=\"group\" aria-roledescription=\"slide\" aria-label=\"9 di 15\"><figure class=\"swiper-slide-inner\"><img decoding=\"async\" class=\"swiper-slide-image\" src=\"https:\/\/www.hotel-il-gabbiano.com\/wp-content\/uploads\/2025\/09\/PGH51752-1-300x300.jpg\" alt=\"PGH51752\" \/><\/figure><\/div><div class=\"swiper-slide\" role=\"group\" aria-roledescription=\"slide\" aria-label=\"10 di 15\"><figure class=\"swiper-slide-inner\"><img decoding=\"async\" class=\"swiper-slide-image\" src=\"https:\/\/www.hotel-il-gabbiano.com\/wp-content\/uploads\/2025\/09\/PGH51756-1-300x300.jpg\" alt=\"PGH51756\" \/><\/figure><\/div><div class=\"swiper-slide\" role=\"group\" aria-roledescription=\"slide\" aria-label=\"11 di 15\"><figure class=\"swiper-slide-inner\"><img decoding=\"async\" class=\"swiper-slide-image\" src=\"https:\/\/www.hotel-il-gabbiano.com\/wp-content\/uploads\/2025\/09\/PGH51759-1-300x300.jpg\" alt=\"PGH51759\" \/><\/figure><\/div><div class=\"swiper-slide\" role=\"group\" aria-roledescription=\"slide\" aria-label=\"12 di 15\"><figure class=\"swiper-slide-inner\"><img decoding=\"async\" class=\"swiper-slide-image\" src=\"https:\/\/www.hotel-il-gabbiano.com\/wp-content\/uploads\/2025\/09\/PGH51760-1-300x300.jpg\" alt=\"PGH51760\" \/><\/figure><\/div><div class=\"swiper-slide\" role=\"group\" aria-roledescription=\"slide\" aria-label=\"13 di 15\"><figure class=\"swiper-slide-inner\"><img decoding=\"async\" class=\"swiper-slide-image\" src=\"https:\/\/www.hotel-il-gabbiano.com\/wp-content\/uploads\/2025\/09\/PGH51766-1-300x300.jpg\" alt=\"PGH51766\" \/><\/figure><\/div><div class=\"swiper-slide\" role=\"group\" aria-roledescription=\"slide\" aria-label=\"14 di 15\"><figure class=\"swiper-slide-inner\"><img decoding=\"async\" class=\"swiper-slide-image\" src=\"https:\/\/www.hotel-il-gabbiano.com\/wp-content\/uploads\/2025\/09\/PGH51770-1-300x300.jpg\" alt=\"PGH51770\" \/><\/figure><\/div><div class=\"swiper-slide\" role=\"group\" aria-roledescription=\"slide\" aria-label=\"15 di 15\"><figure class=\"swiper-slide-inner\"><img decoding=\"async\" class=\"swiper-slide-image\" src=\"https:\/\/www.hotel-il-gabbiano.com\/wp-content\/uploads\/2025\/09\/PGH51772-1-300x300.jpg\" alt=\"PGH51772\" \/><\/figure><\/div>\t\t\t<\/div>\n\t\t\t\t\t\t\t\t\t\t\t\t<div class=\"elementor-swiper-button elementor-swiper-button-prev\" role=\"button\" tabindex=\"0\">\n\t\t\t\t\t\t<i aria-hidden=\"true\" class=\"eicon-chevron-left\"><\/i>\t\t\t\t\t<\/div>\n\t\t\t\t\t<div class=\"elementor-swiper-button elementor-swiper-button-next\" role=\"button\" tabindex=\"0\">\n\t\t\t\t\t\t<i aria-hidden=\"true\" class=\"eicon-chevron-right\"><\/i>\t\t\t\t\t<\/div>\n\t\t\t\t\n\t\t\t\t\t\t\t\t\t<div class=\"swiper-pagination\"><\/div>\n\t\t\t\t\t\t\t\t\t<\/div>\n\t\t\t\t\t\t<\/div>\n\t\t\t\t<\/div>\n\t\t\t\t<div class=\"elementor-element elementor-element-5fd1f11 elementor-widget elementor-widget-spacer\" data-id=\"5fd1f11\" data-element_type=\"widget\" data-widget_type=\"spacer.default\">\n\t\t\t\t<div class=\"elementor-widget-container\">\n\t\t\t\t\t\t\t<div class=\"elementor-spacer\">\n\t\t\t<div class=\"elementor-spacer-inner\"><\/div>\n\t\t<\/div>\n\t\t\t\t\t\t<\/div>\n\t\t\t\t<\/div>\n\t\t\t\t<div class=\"elementor-element elementor-element-27a1ddac elementor-widget elementor-widget-aux_image\" data-id=\"27a1ddac\" data-element_type=\"widget\" data-widget_type=\"aux_image.default\">\n\t\t\t\t<div class=\"elementor-widget-container\">\n\t\t\t\t\t<section class=\"widget-container aux-widget-image aux-alignnone aux-parent-au0d67f309\">\n    <div class=\"aux-media-hint-frame \">\n        <div class=\"aux-media-image \" >\n        \n            \n\n            \n                        \n                <\/div>\n    <\/div>\n\n<\/section><!-- widget-container -->\t\t\t\t<\/div>\n\t\t\t\t<\/div>\n\t\t\t\t\t<\/div>\n\t\t<\/div>\n\t\t\t\t\t<\/div>\n\t\t<\/section>\n\t\t\t\t<\/div>\n\t\t","protected":false},"excerpt":{"rendered":"<p>Piscina Rilassati nella piscina dell&#8217;Hotel Il Gabbiano Grazie alla sua piscina, da Maggio a Settembre, l&#8217;Hotel il Gabbiano \u00e8 in grado di offrire ai suoi ospiti incantevoli esperienze di pace e relax per una vacanza indimenticabile. Rilassati nella splendida piscina attrezzata con ombrelloni e lettini. Ha una lunghezza complessiva di 20 metri e una larghezza [&hellip;]<\/p>\n","protected":false},"author":1,"featured_media":0,"parent":0,"menu_order":0,"comment_status":"closed","ping_status":"closed","template":"","meta":{"footnotes":""},"class_list":["post-3273","page","type-page","status-publish","hentry"],"yoast_head":"<!-- This site is optimized with the Yoast SEO plugin v26.4 - https:\/\/yoast.com\/wordpress\/plugins\/seo\/ -->\n<title>Piscina - Il Gabbiano<\/title>\n<meta name=\"robots\" content=\"index, follow, max-snippet:-1, max-image-preview:large, max-video-preview:-1\" \/>\n<link rel=\"canonical\" href=\"https:\/\/www.hotel-il-gabbiano.com\/?page_id=3273\" \/>\n<meta property=\"og:locale\" content=\"it_IT\" \/>\n<meta property=\"og:type\" content=\"article\" \/>\n<meta property=\"og:title\" content=\"Piscina - Il Gabbiano\" \/>\n<meta property=\"og:description\" content=\"Piscina Rilassati nella piscina dell&#8217;Hotel Il Gabbiano Grazie alla sua piscina, da Maggio a Settembre, l&#8217;Hotel il Gabbiano \u00e8 in grado di offrire ai suoi ospiti incantevoli esperienze di pace e relax per una vacanza indimenticabile. Rilassati nella splendida piscina attrezzata con ombrelloni e lettini. Ha una lunghezza complessiva di 20 metri e una larghezza [&hellip;]\" \/>\n<meta property=\"og:url\" content=\"https:\/\/www.hotel-il-gabbiano.com\/?page_id=3273\" \/>\n<meta property=\"og:site_name\" content=\"Il Gabbiano\" \/>\n<meta property=\"article:modified_time\" content=\"2025-09-28T17:52:28+00:00\" \/>\n<meta property=\"og:image\" content=\"https:\/\/www.hotel-il-gabbiano.com\/wp-content\/uploads\/2025\/09\/PGH51766.jpg\" \/>\n<meta name=\"twitter:card\" content=\"summary_large_image\" \/>\n<meta name=\"twitter:label1\" content=\"Tempo di lettura stimato\" \/>\n\t<meta name=\"twitter:data1\" content=\"3 minuti\" \/>\n<script type=\"application\/ld+json\" class=\"yoast-schema-graph\">{\"@context\":\"https:\/\/schema.org\",\"@graph\":[{\"@type\":\"WebPage\",\"@id\":\"https:\/\/www.hotel-il-gabbiano.com\/?page_id=3273\",\"url\":\"https:\/\/www.hotel-il-gabbiano.com\/?page_id=3273\",\"name\":\"Piscina - Il Gabbiano\",\"isPartOf\":{\"@id\":\"https:\/\/www.hotel-il-gabbiano.com\/#website\"},\"primaryImageOfPage\":{\"@id\":\"https:\/\/www.hotel-il-gabbiano.com\/?page_id=3273#primaryimage\"},\"image\":{\"@id\":\"https:\/\/www.hotel-il-gabbiano.com\/?page_id=3273#primaryimage\"},\"thumbnailUrl\":\"https:\/\/www.hotel-il-gabbiano.com\/wp-content\/uploads\/2025\/09\/PGH51766.jpg\",\"datePublished\":\"2025-01-21T16:48:47+00:00\",\"dateModified\":\"2025-09-28T17:52:28+00:00\",\"breadcrumb\":{\"@id\":\"https:\/\/www.hotel-il-gabbiano.com\/?page_id=3273#breadcrumb\"},\"inLanguage\":\"it-IT\",\"potentialAction\":[{\"@type\":\"ReadAction\",\"target\":[\"https:\/\/www.hotel-il-gabbiano.com\/?page_id=3273\"]}]},{\"@type\":\"ImageObject\",\"inLanguage\":\"it-IT\",\"@id\":\"https:\/\/www.hotel-il-gabbiano.com\/?page_id=3273#primaryimage\",\"url\":\"https:\/\/www.hotel-il-gabbiano.com\/wp-content\/uploads\/2025\/09\/PGH51766.jpg\",\"contentUrl\":\"https:\/\/www.hotel-il-gabbiano.com\/wp-content\/uploads\/2025\/09\/PGH51766.jpg\"},{\"@type\":\"BreadcrumbList\",\"@id\":\"https:\/\/www.hotel-il-gabbiano.com\/?page_id=3273#breadcrumb\",\"itemListElement\":[{\"@type\":\"ListItem\",\"position\":1,\"name\":\"Home\",\"item\":\"https:\/\/www.hotel-il-gabbiano.com\/\"},{\"@type\":\"ListItem\",\"position\":2,\"name\":\"Piscina\"}]},{\"@type\":\"WebSite\",\"@id\":\"https:\/\/www.hotel-il-gabbiano.com\/#website\",\"url\":\"https:\/\/www.hotel-il-gabbiano.com\/\",\"name\":\"Il Gabbiano\",\"description\":\"\",\"publisher\":{\"@id\":\"https:\/\/www.hotel-il-gabbiano.com\/#organization\"},\"potentialAction\":[{\"@type\":\"SearchAction\",\"target\":{\"@type\":\"EntryPoint\",\"urlTemplate\":\"https:\/\/www.hotel-il-gabbiano.com\/?s={search_term_string}\"},\"query-input\":{\"@type\":\"PropertyValueSpecification\",\"valueRequired\":true,\"valueName\":\"search_term_string\"}}],\"inLanguage\":\"it-IT\"},{\"@type\":\"Organization\",\"@id\":\"https:\/\/www.hotel-il-gabbiano.com\/#organization\",\"name\":\"Il Gabbiano\",\"url\":\"https:\/\/www.hotel-il-gabbiano.com\/\",\"logo\":{\"@type\":\"ImageObject\",\"inLanguage\":\"it-IT\",\"@id\":\"https:\/\/www.hotel-il-gabbiano.com\/#\/schema\/logo\/image\/\",\"url\":\"https:\/\/www.hotel-il-gabbiano.com\/wp-content\/uploads\/2023\/11\/cropped-logo_gabbiano_mini.png\",\"contentUrl\":\"https:\/\/www.hotel-il-gabbiano.com\/wp-content\/uploads\/2023\/11\/cropped-logo_gabbiano_mini.png\",\"width\":156,\"height\":74,\"caption\":\"Il Gabbiano\"},\"image\":{\"@id\":\"https:\/\/www.hotel-il-gabbiano.com\/#\/schema\/logo\/image\/\"}}]}<\/script>\n<!-- \/ Yoast SEO plugin. -->","yoast_head_json":{"title":"Piscina - Il Gabbiano","robots":{"index":"index","follow":"follow","max-snippet":"max-snippet:-1","max-image-preview":"max-image-preview:large","max-video-preview":"max-video-preview:-1"},"canonical":"https:\/\/www.hotel-il-gabbiano.com\/?page_id=3273","og_locale":"it_IT","og_type":"article","og_title":"Piscina - Il Gabbiano","og_description":"Piscina Rilassati nella piscina dell&#8217;Hotel Il Gabbiano Grazie alla sua piscina, da Maggio a Settembre, l&#8217;Hotel il Gabbiano \u00e8 in grado di offrire ai suoi ospiti incantevoli esperienze di pace e relax per una vacanza indimenticabile. Rilassati nella splendida piscina attrezzata con ombrelloni e lettini. Ha una lunghezza complessiva di 20 metri e una larghezza [&hellip;]","og_url":"https:\/\/www.hotel-il-gabbiano.com\/?page_id=3273","og_site_name":"Il Gabbiano","article_modified_time":"2025-09-28T17:52:28+00:00","og_image":[{"url":"https:\/\/www.hotel-il-gabbiano.com\/wp-content\/uploads\/2025\/09\/PGH51766.jpg","type":"","width":"","height":""}],"twitter_card":"summary_large_image","twitter_misc":{"Tempo di lettura stimato":"3 minuti"},"schema":{"@context":"https:\/\/schema.org","@graph":[{"@type":"WebPage","@id":"https:\/\/www.hotel-il-gabbiano.com\/?page_id=3273","url":"https:\/\/www.hotel-il-gabbiano.com\/?page_id=3273","name":"Piscina - Il Gabbiano","isPartOf":{"@id":"https:\/\/www.hotel-il-gabbiano.com\/#website"},"primaryImageOfPage":{"@id":"https:\/\/www.hotel-il-gabbiano.com\/?page_id=3273#primaryimage"},"image":{"@id":"https:\/\/www.hotel-il-gabbiano.com\/?page_id=3273#primaryimage"},"thumbnailUrl":"https:\/\/www.hotel-il-gabbiano.com\/wp-content\/uploads\/2025\/09\/PGH51766.jpg","datePublished":"2025-01-21T16:48:47+00:00","dateModified":"2025-09-28T17:52:28+00:00","breadcrumb":{"@id":"https:\/\/www.hotel-il-gabbiano.com\/?page_id=3273#breadcrumb"},"inLanguage":"it-IT","potentialAction":[{"@type":"ReadAction","target":["https:\/\/www.hotel-il-gabbiano.com\/?page_id=3273"]}]},{"@type":"ImageObject","inLanguage":"it-IT","@id":"https:\/\/www.hotel-il-gabbiano.com\/?page_id=3273#primaryimage","url":"https:\/\/www.hotel-il-gabbiano.com\/wp-content\/uploads\/2025\/09\/PGH51766.jpg","contentUrl":"https:\/\/www.hotel-il-gabbiano.com\/wp-content\/uploads\/2025\/09\/PGH51766.jpg"},{"@type":"BreadcrumbList","@id":"https:\/\/www.hotel-il-gabbiano.com\/?page_id=3273#breadcrumb","itemListElement":[{"@type":"ListItem","position":1,"name":"Home","item":"https:\/\/www.hotel-il-gabbiano.com\/"},{"@type":"ListItem","position":2,"name":"Piscina"}]},{"@type":"WebSite","@id":"https:\/\/www.hotel-il-gabbiano.com\/#website","url":"https:\/\/www.hotel-il-gabbiano.com\/","name":"Il Gabbiano","description":"","publisher":{"@id":"https:\/\/www.hotel-il-gabbiano.com\/#organization"},"potentialAction":[{"@type":"SearchAction","target":{"@type":"EntryPoint","urlTemplate":"https:\/\/www.hotel-il-gabbiano.com\/?s={search_term_string}"},"query-input":{"@type":"PropertyValueSpecification","valueRequired":true,"valueName":"search_term_string"}}],"inLanguage":"it-IT"},{"@type":"Organization","@id":"https:\/\/www.hotel-il-gabbiano.com\/#organization","name":"Il Gabbiano","url":"https:\/\/www.hotel-il-gabbiano.com\/","logo":{"@type":"ImageObject","inLanguage":"it-IT","@id":"https:\/\/www.hotel-il-gabbiano.com\/#\/schema\/logo\/image\/","url":"https:\/\/www.hotel-il-gabbiano.com\/wp-content\/uploads\/2023\/11\/cropped-logo_gabbiano_mini.png","contentUrl":"https:\/\/www.hotel-il-gabbiano.com\/wp-content\/uploads\/2023\/11\/cropped-logo_gabbiano_mini.png","width":156,"height":74,"caption":"Il Gabbiano"},"image":{"@id":"https:\/\/www.hotel-il-gabbiano.com\/#\/schema\/logo\/image\/"}}]}},"_links":{"self":[{"href":"https:\/\/www.hotel-il-gabbiano.com\/index.php?rest_route=\/wp\/v2\/pages\/3273","targetHints":{"allow":["GET"]}}],"collection":[{"href":"https:\/\/www.hotel-il-gabbiano.com\/index.php?rest_route=\/wp\/v2\/pages"}],"about":[{"href":"https:\/\/www.hotel-il-gabbiano.com\/index.php?rest_route=\/wp\/v2\/types\/page"}],"author":[{"embeddable":true,"href":"https:\/\/www.hotel-il-gabbiano.com\/index.php?rest_route=\/wp\/v2\/users\/1"}],"replies":[{"embeddable":true,"href":"https:\/\/www.hotel-il-gabbiano.com\/index.php?rest_route=%2Fwp%2Fv2%2Fcomments&post=3273"}],"version-history":[{"count":15,"href":"https:\/\/www.hotel-il-gabbiano.com\/index.php?rest_route=\/wp\/v2\/pages\/3273\/revisions"}],"predecessor-version":[{"id":4741,"href":"https:\/\/www.hotel-il-gabbiano.com\/index.php?rest_route=\/wp\/v2\/pages\/3273\/revisions\/4741"}],"wp:attachment":[{"href":"https:\/\/www.hotel-il-gabbiano.com\/index.php?rest_route=%2Fwp%2Fv2%2Fmedia&parent=3273"}],"curies":[{"name":"wp","href":"https:\/\/api.w.org\/{rel}","templated":true}]}}